 of 1120.
2, 5, 7
What are the prime factors of 6886?
2, 11, 313
What are the prime factors of 1756?
2, 439
What are the prime factors of 11009?
101, 109
List the prime factors of 38750.
2, 5, 31
What are the prime factors of 25415?
5, 13, 17, 23
What are the prime factors of 115?
5, 23
What are the prime factors of 2831?
19, 149
List the prime factors of 166524.
2, 3, 13877
What are the prime factors of 69460?
2, 5, 23, 151
What are the prime factors of 5070?
2, 3, 5, 13
List the prime factors of 44534.
2, 7, 3181
What are the prime factors of 2372?
2, 593
What are the prime factors of 3528?
2, 3, 7
List the prime factors of 16269.
3, 11, 17, 29
List the prime factors of 21447.
3, 2383
List the prime factors of 1456.
2, 7, 13
List the prime factors of 7535.
5, 11, 137
List the prime factors of 33250.
2, 5, 7, 19
List the prime factors of 41907.
3, 61, 229
List the prime factors of 9858.
2, 3, 31, 53
What are the prime factors of 20159?
19, 1061
What are the prime factors of 189061?
189061
What are the prime factors of 2534?
2, 7, 181
What are the prime factors of 88977?
3, 7, 19, 223
What are the prime factors of 4489?
67
List the prime factors of 5016.
2, 3, 11, 19
List the prime factors of 1810.
2, 5, 181
What are the prime factors of 2771?
17, 163
What are the prime factors of 1833?
3, 13, 47
List the prime factors of 313.
313
List the prime factors of 125636.
2, 7, 641
What are the prime factors of 11134?
2, 19, 293
List the prime factors of 11105.
5, 2221
List the prime factors of 12071.
12071
List the prime factors of 25357.
25357
What are the prime factors of 38789?
79, 491
What are the prime factors of 2501?
41, 61
List the prime factors of 2303.
7, 47
What are the prime factors of 494?
2, 13, 19
List the prime factors of 23775.
3, 5, 317
What are the prime factors of 899?
29, 31
List the prime factors of 3519.
3, 17, 23
What are the prime factors of 173949?
3, 23, 2521
List the prime factors of 1926.
2, 3, 107
List the prime factors of 1782.
2, 3, 11
What are the prime factors of 64804?
2, 17, 953
What are the prime factors of 117041?
117041
What are the prime factors of 142400?
2, 5, 89
List the prime factors of 88384.
2, 1381
What are the prime factors of 48453?
3, 31, 521
What are the prime factors of 182070?
2, 3, 5, 7, 17
List the prime factors of 74783.
17, 53, 83
List the prime factors of 5796.
2, 3, 7, 23
What are the prime factors of 4168?
2, 521
What are the prime factors of 76668?
2, 3, 6389
What are the prime factors of 2587?
13, 199
List the prime factors of 13147.
13147
List the prime factors of 1506.
2, 3, 251
List the prime factors of 11792.
2, 11, 67
List the prime factors of 1601.
1601
What are the prime factors of 25798?
2, 12899
List the prime factors of 10268.
2, 17, 151
List the prime factors of 19563.
3, 6521
What are the prime factors of 787?
787
List the prime factors of 1429.
1429
What are the prime factors of 992?
2, 31
What are the prime factors of 1235?
5, 13, 19
What are the prime factors of 40130?
2, 5, 4013
What are the prime factors of 1870?
2, 5, 11, 17
List the prime factors of 46842.
2, 3, 37, 211
List the prime factors of 44305.
5, 8861
What are the prime factors of 173903?
23, 7561
What are the prime factors of 3475?
5, 139
List the prime factors of 7088.
2, 443
What are the prime factors of 5470?
2, 5, 547
List the prime factors of 1390.
2, 5, 139
List the prime factors of 11403.
3, 7, 181
List the prime factors of 10829.
7, 13, 17
List the prime factors of 9137.
9137
List the prime factors of 4778.
2, 2389
What are the prime factors of 3184?
2, 199
List the prime factors of 4080.
2, 3, 5, 17
What are the prime factors of 1148?
2, 7, 41
What are the prime factors of 961?
31
List the prime factors of 269.
269
What are the prime factors of 7364?
2, 7, 263
List the prime factors of 7527.
3, 13, 193
List the prime factors of 7811.
73, 107
What are the prime factors of 23207?
23, 1009
List the prime factors of 2844.
2, 3, 79
What are the prime factors of 2069?
2069
List the prime factors of 24736.
2, 773
List the prime factors of 42.
2, 3, 7
List the prime factors of 23.
23
List the prime factors of 6722.
2, 3361
List the prime factors of 5580.
2, 3, 5, 31
List the prime factors of 1866.
2, 3, 311
What are the prime factors of 830?
2, 5, 83
What are the prime factors of 192746?
2, 17, 5669
List the prime factors of 28565.
5, 29, 197
What are the prime factors of 12584?
2, 11, 13
What are the prime factors of 1392?
2, 3, 29
What are the prime factors of 45424?
2, 17, 167
List the prime factors of 3152.
2, 197
What are the prime factors of 403?
13, 31
What are the prime factors of 4545?
3, 5, 101
List the prime factors of 44927.
44927
List the prime factors of 48075.
3, 5, 641
What are the prime factors of 24250?
2, 5, 97
List the prime factors of 230.
2, 5, 23
List the prime factors of 1279.
1279
List the prime factors of 4803.
3, 1601
List the prime factors of 222.
2, 3, 37
List the prime factors of 527.
17, 31
List the prime factors of 6473.
6473
List the prime factors of 1549.
1549
List the prime factors of 46926.
2, 3, 11, 79
What are the prime factors of 719?
719
List the prime factors of 5453.
7, 19, 41
What are the prime factors of 1144?
2, 11, 13
What are the prime factors of 2049?
3, 683
What are the prime factors of 5970?
2, 3, 5, 199
List the prime factors of 13244.
2, 7, 11, 43
List the prime factors of 39717.
3, 1471
List the prime factors of 4508.
2, 7, 23
What are the prime factors of 2138?
2, 1069
What are the prime factors of 11105?
5, 2221
What are the prime factors of 38502?
2, 3, 23, 31
What are the prime factors of 89217?
3, 23, 431
What are the prime factors of 621?
3, 23
What are the prime factors of 4461?
3, 1487
List the prime factors of 2222.
2, 11, 101
What are the prime factors of 187540?
2, 5, 9377
List the prime factors of 1511.
1511
List the prime factors of 90407.
90407
List the prime factors of 26493.
3, 8831
What are the prime factors of 4927?
13, 379
List the prime factors of 4094.
2, 23, 89
What are the prime factors of 20441?
20441
What are the prime factors of 2360?
2, 5, 59
What are the prime factors of 9984?
2, 3, 13
What are the prime factors of 1855?
5, 7, 53
List the prime factors of 9138.
2, 3, 1523
List the prime factors of 81542.
2, 40771
List the prime factors of 1720.
2, 5, 43
What are the prime factors of 37428?
2, 3, 3119
What are the prime factors of 37732?
2, 9433
What are the prime factors of 4701?
3, 1567
List the prime factors of 5623.
5623
What are the prime factors of 181?
181
What are the prime factors of 198?
2, 3, 11
What are the prime factors of 722?
2, 19
What are the prime factors of 795?
3, 5, 53
List the prime factors of 1367.
1367
What are the prime factors of 8118?
2, 3, 11, 41
What are the prime factors of 1404?
2, 3, 13
What are the prime factors of 20595?
3, 5, 1373
What are the prime factors of 17428?
2, 4357
List the prime factors of 120702.
2, 3, 20117
List the prime factors of 8593.
13, 661
What are the prime factors of 8314?
2, 4157
What are the prime factors of 1013?
1013
What are the prime factors of 2590?
2, 5, 7, 37
List the prime factors of 903.
3, 7, 43
What are the prime factors of 1561?
7, 223
List the prime factors of 985.
5, 197
List the prime factors of 1214.
2, 607
List the prime factors of 54389.
137, 397
What are the prime factors of 46300?
2, 5, 463
What are the prime factors of 769?
769
List the prime factors of 150208.
2, 2347
What are the prime factors of 890?
2, 5, 89
What are the prime factors of 53558?
2, 61, 439
List the prime factors of 1123.
1123
What are the prime factors of 12591?
3, 1399
List the prime factors of 2227.
17, 131
What are the prime factors of 1637?
1637
List the prime factors of 13074.
2, 3, 2179
List the prime factors of 6431.
59, 109
What are the prime factors of 20749?
20749
What are the prime factors of 100696?
2, 41, 307
What are the prime factors of 1503?
3, 167
What are the prime factors of 1861?
1861
What are the prime factors of 868?
2, 7, 31
What are the prime factors of 1385?
5, 277
What are the prime factors of 482?
2, 241
What are the prime factors of 1534?
2, 13, 59
What are the prime factors of 1450?
2, 5, 29
What are the prime factors of 9944?
2, 11, 113
What are the